t is the units digit of l(b)?
9
Let x = 647 - 1460. What is the tens digit of x*1*3/(-9)?
7
What is the hundreds digit of (-6 - -1)*((-161)/(-805))/(2/(-2188))?
0
Suppose 0 = 2*x + 2*i - 10546, -5*x + i = -245 - 26108. What is the thousands digit of x?
5
Let l be 1*-2417*6/(-6). Let g = -1441 + l. What is the hundreds digit of g?
9
Let t(i) = i + 37. Let g(h) = -2*h - 74. Let x(p) = -3*g(p) - 5*t(p). Let j = -1167 + 1160. What is the tens digit of x(j)?
3
Suppose 0 = -2723*k + 2741*k - 164142. What is the units digit of k?
9
Suppose 47 - 29 = 6*t. Suppose -2*n = 0, -2*n = t*q - q - 708. What is the hundreds digit of q?
3
Let k(t) = 1588*t**2 - 23*t + 11. What is the units digit of k(-4)?
1
Let b(a) = -14*a - 84. Let d be b(-7). Let o(f) = 3*f**2 - 13*f - 85. What is the tens digit of o(d)?
2
Let v = 872 - 857. What is the hundreds digit of (6/v)/(14/(-35)) - -287?
2
What is the units digit of (-1 + (-1)/(-3))/((8/(-13647))/4)?
9
Suppose 5*g - 25 = 5*h, h + 2*g + 1 = -g. Let b(t) = -17*t**3 + 9*t**2 + t + 4. What is the units digit of b(h)?
2
Suppose 23 = -112*r - 89. Suppose 0*u - 5*u + 60 = 0. Let x = u - r. What is the tens digit of x?
1
Let g(o) = o**3 + 16*o**2 + 9*o - 90. Let x be g(-15). Suppose x = -2*c - 4, -3*y = -13*c + 10*c - 402. What is the tens digit of y?
3
Suppose 4*y - 6 = 2*s, -3*y = -2*s + 1 - 3. Suppose -2 + 8 = 4*h + 2*x, s*h - 7 = -2*x. What is the units digit of h/2 + (-111)/(-6)?
9
Let x = -170 - -173. Suppose 0*b - x*s - 3511 = -4*b, b + 3*s - 859 = 0. What is the tens digit of b?
7
Let k = 131 + -128. Suppose -j = -4*l + 305, -3*j = k*l + j - 205. What is the tens digit of l?
7
Let z(f) = f**3 - 71*f**2 - 560*f - 181. What is the thousands digit of z(88)?
2
Let t(l) = -l**3 - 8*l**2 + 7*l - 9. Let b(z) = -15*z. Let n be b(1). Let j be 188/(-20) - (21/n + 1). What is the units digit of t(j)?
9
Let p(a) = -1. Let c(q) = 3*q + 34. Let x(i) = -c(i) - p(i). Let z be x(-11). Suppose z = -4*h + 12, 0 = 3*d + h - 143 - 190. What is the units digit of d?
0
Suppose -136 = 4*y + 4*l, 4*y + 99 = 3*l - 58. Let q be y/(-1) + (-5 - -4). Let n = 109 + q. What is the hundreds digit of n?
1
Suppose 0 = -2*o - 2*o + 768. Suppose o = 3*u - 72. Let y = 130 - u. What is the units digit of y?
2
Suppose 4*h = 5*q - 35, -2*h - 9 + 2 = -q. Suppose 270 = -q*k + 12*k. Suppose -306 = -57*p + k*p. What is the units digit of p?
2
Let s be (-1 - -5) + -58 + 4. Let u be s/4*-142 - (-4 - -8). Suppose 8*w + u = 15*w. What is the tens digit of w?
5
Suppose 0 = -22*g + 1060509 - 43405. What is the thousands digit of g?
6
Suppose -222323 = -49*b + 29439. What is the hundreds digit of b?
1
Suppose 1868 = t - 4*i, 0*i + 3*i = 5*t - 9255. Suppose -3*g = -0*g - t. What is the units digit of g?
6
Let x(c) = c**3 - 7*c**2 + 7*c - 5. Let v be x(6). What is the units digit of -5 - -259 - (v - -1)?
2
Suppose 3*t - 22 = 4*c, -4*t - 2*c - 3*c = 12. Suppose 2*v = t*z + 560 - 2, -2*z = -4*v + 1112. What is the units digit of v*5/(-5)*-1?
7
Let d = 46 - 42. Suppose 5*g + 15 = -5*l, 0*g + d*g = -3*l - 9. Suppose 0 = 2*c + 3*y - 94, -5*c + g*y + 257 = 2*y. What is the tens digit of c?
5
What is the thousands digit of 5 + 3 - -1 - -33331?
3
Let d(w) = 8*w**2 + 18*w + 99. Let z be d(-6). Suppose -2*g + 112 = 2*y - 28, -4*y - 3*g = -z. What is the units digit of y?
9
Suppose -15*z - 12342 = -116712. What is the tens digit of z?
5
Let r(i) = -2*i + 31. Let b be r(13). Suppose 1167 = -5*w + c + c, b*w + 1171 = c. What is the tens digit of -1*12/20*w?
4
Suppose -39*k - 6*k = -67275. What is the units digit of k?
5
Let l = 496 + -182. Let x = -181 + l. What is the units digit of x?
3
Suppose 3*x - 20894 = -4*f, 2397 = x - 5*f - 4555. What is the thousands digit of x?
6
What is the tens digit of (4697/(-4) + -4)/((-18)/96)?
8
Suppose 0 = 3*a - d + 1632, 4*a + 0*d + 2176 = 5*d. What is the tens digit of ((-58)/(-8))/((-8)/a)?
9
Suppose -85*o - 16787 = -72*o - 122256. What is the thousands digit of o?
8
Suppose -2*c + 4*q = 3178, -6617 + 276 = 4*c - 3*q. Let o = c + 2641. What is the units digit of o?
8
Let d(i) = 187*i**3 - 4*i**2 + 9*i + 3. Let y be d(3). Suppose 32*g - 11213 = y. What is the hundreds digit of g?
5
Suppose -4*m + 39672 = 4*o, -2*o = 3*m - 9336 - 10501. What is the thousands digit of o?
9
Let p(d) = 1253*d - 3533. What is the tens digit of p(5)?
3
Suppose -12 + 7 = 5*u, -5*w - 2864 = 4*u. Let j = w - -1510. What is the hundreds digit of j?
9
Let r be 482/2 - (8 + -2 - 9). Let j = r - 213. What is the units digit of j?
1
What is the tens digit of 230/(-276) + (-7038346)/(-84)?
8
Let l(i) = -i**2 - 10*i + 12. Let x be l(-11). Let r be (5 - 4 - 3) + 15 + x. Let a(g) = -g**2 + 18*g + 20. What is the tens digit of a(r)?
7
Suppose 3910 = 4*f + 4*h - 64974, -2*f + h + 34454 = 0. What is the hundreds digit of f?
2
Let d be (-10)/(-2)*((-68)/5 + 1). Let w = 348 - d. What is the units digit of w?
1
Let c(u) = 64*u + 24. Let y(l) = 21*l + 8. Let w(s) = -3*c(s) + 10*y(s). What is the tens digit of w(1)?
2
Let r(a) = 4 + 16 + a - 5. Let c be r(-12). Suppose -c*l + k = -9 - 1, -5*l - 3*k = -40. What is the units digit of l?
5
Let m(h) be the second derivative of 7*h**5/120 - 9*h**4/8 - 2*h**3/3 - 6*h. Let l(k) be the second derivative of m(k). What is the tens digit of l(8)?
2
Suppose -5*j - c - 110 = 0, -2*j + 3*c - 44 = -0*j. Let w = 4 - j. Let t = w - 6. What is the tens digit of t?
2
What is the thousands digit of (27/(-4))/((-2421)/5632860)?
5
Let i(x) = -5966*x - 255. What is the hundreds digit of i(-2)?
6
Let q be (-51060)/(-42) - (-1)/((-14)/(-4)). Let t = q - 671. What is the units digit of t?
5
Let s(l) = -453*l**3 - 36*l - 79. What is the units digit of s(-4)?
7
Let w be 4/(-6) + 11/3. Suppose -r + 6*r - 706 = -w*m, 0 = 2*r + m - 283. Suppose 3*n - r = -2*u + 1, 5*n = u - 72. What is the units digit of u?
2
Let y(b) = -b**3 + 28*b**2 + 32*b - 62. Let p be y(29). Suppose 0 = -p*m + 30*m - 1545. What is the units digit of m?
9
Let d be ((-9)/2 + 3)*(-100)/30. Suppose 1340 = d*z - 745. What is the units digit of z?
7
Let d(f) = 12*f - 396. Let a be d(33). Suppose 23*t - 2068 - 5154 = a. What is the units digit of t?
4
Let d(j) = -21*j**3 + 18*j**2 - 18*j + 301. What is the hundreds digit of d(-11)?
6
Let k be 2/(-4) - 42/28. Let t be -1 + 2/k + 4. What is the tens digit of 1581/9 - -3 - t/3?
7
Let r = 59432 - 33608. What is the units digit of r?
4
Suppose 5*u = 6*u - 6. Suppose 0 = -5*t + w + 945, 2*t + 30 - 400 = 2*w. Suppose 0 = 8*q - u*q - t. What is the tens digit of q?
9
Let x = -102 + -26. Let l be (-32)/x - (1 + (-1710)/8). Suppose -l = -5*t + 422. What is the units digit of t?
7
Let a(j) be the third derivative of -5*j**2 + 7/12*j**4 + 0*j + 1/30*j**5 + 17/6*j**3 + 0. What is the tens digit of a(-11)?
0
Let f be 6/9 - 24/9 - -2. Suppose f = h - 2*l - 948, -4*h - 6*l = -l - 3857. What is the hundreds digit of h?
9
Let h = 185 + 248. Suppose 0 = -5*v + 2612 + h. What is the units digit of v?
9
Let h(w) = 6 + 169*w - 149*w + 9*w**2 + 6*w**2 - 14. What is the units digit of h(-5)?
7
Let o(t) be the first derivative of t**4/4 - 5*t**3/3 + 3*t**2/2 + 4*t + 12. Let s be o(3). What is the units digit of (-2 - -39)/(s/(-10))?
4
Let y = -323 + 237. Let s = y + 443. What is the tens digit of s?
5
Let q = -3009 + 4061. What is the tens digit of q?
5
Let j = -81 - -137. Suppose -61*u + j*u = -2110. What is the units digit of u?
2
Let m be -9 + 2 - (8 + -27). Suppose -m*x + 12340 = 3340. What is the units digit of x?
0
Let a(u) = 12*u**2 + u + 5. Let b be a(-2). Let x = b + -48. Suppose -5*r + 560 = l - x*l, -2*r + 5*l = -203. What is the tens digit of r?
1
Suppose q + 2*u = 4748, -5*q - 4629 = -u - 28380. What is the thousands digit of q?
4
Let k(p) = -3*p**2 + 231*p + 244. What is the units digit of k(52)?
4
Let b(u) = u**3 + 8*u**2 + 2*u + 24. Let w be b(-8). Suppose 4 = 6*j - w. Suppose 503 = 4*p - g - 145, 0 = -j*p + 2*g + 318. What is the hundreds digit of p?
1
Let w(v) = -4*v**3 + 20*v**2 - 3*v + 15. Let h(i) = -17*i**3 + 80*i**2 - 11*i + 61. Let t(g) = 2*h(g) - 9*w(g). What is the tens digit of t(11)?
8
Let c be -2 + (16 - (-6)/3). Let h = 539 + -529. What is the tens digit of h/(-65) - 293*c/(-52)?
9
Suppose 3*k + 24 = -3*b, -5*b - 2*k = 7 + 21. What is the uni